se 14) to base 15.
5c56b
What is -1312110311 (base 4) in base 2?
-1110110010100110101
-2cea3 (base 15) to base 4
-203122131
1033422 (base 6) to base 14
149dc
20227 (base 8) to base 10
8343
102210212221 (base 3) to base 14
60a0c
-356a06 (base 16) to base 10
-3500550
Convert 57c88 (base 16) to base 15.
7180a
Convert -221111200002 (base 3) to base 7.
-4160450
Convert -3030003 (base 5) to base 10.
-48753
What is 101116 (base 11) in base 16?
27ad8
2511402 (base 6) to base 15
299d5
-1102632 (base 13) to base 15
-6cbbd6
46624 (base 9) to base 13
11224
Convert b9612 (base 15) to base 12.
244775
-493935 (base 10) to base 8
-1704557
-71103 (base 16) to base 7
-3636111
-184194 (base 16) to base 8
-6040624
Convert -12221120022 (base 3) to base 12.
-578a5
What is 612812 (base 13) in base 9?
4226882
What is 62941 (base 15) in base 11?
1a393a
-10512 (base 6) to base 2
-10111001100
What is -1000111011000000010 (base 2) in base 7?
-2325226
-12e0e (base 15) to base 8
-166173
Convert -339271 (base 10) to base 2.
-1010010110101000111
What is -311211122013 (base 4) in base 7?
-230252634
Convert -100403112 (base 5) to base 15.
-7e872
Convert 1012000220120 (base 3) to base 6.
21303023
48029 (base 14) to base 6
3433113
Convert -1101011100100011000111 (base 2) to base 12.
-121b99b
Convert -2443315 (base 6) to base 3.
-20121211102
What is -ea34d (base 16) in base 3?
-1210201220222
1061646 (base 7) to base 15
294d6
What is -1172057 (base 8) in base 12?
-137a67
Convert -111100011111111111101 (base 2) to base 15.
-2925e1
Convert 236045 (base 7) to base 15.
caa8
What is 301737 (base 8) in base 4?
120033133
What is 3520402 (base 8) in base 4?
3222010002
20103332122 (base 4) to base 15
2d094a
53407 (base 13) to base 7
1163356
23130321 (base 4) to base 3
2101100020
What is 18de2 (base 16) in base 14?
29198
What is -461361 (base 9) in base 15?
-56e44
What is 1063b9 (base 12) in base 5?
31303043
-1211131300 (base 4) to base 13
-117223
Convert 220200220002212 (base 3) to base 11.
7456108
-138001 (base 12) to base 6
-10544001
Convert -2000010220201 (base 3) to base 8.
-4041410
26a01 (base 14) to base 5
11022012
Convert 102033321 (base 4) to base 6.
1334013
What is 212211130 (base 4) in base 14?
4184c
Convert 21641035 (base 8) to base 6.
244032141
Convert -6433641 (base 7) to base 9.
-1421230
-111010111001000110100 (base 2) to base 14
-3833b6
What is 93014 (base 12) in base 3?
100202010121
-129018 (base 11) to base 4
-301121123
Convert -3366017 (base 8) to base 5.
-213144044
Convert 110211111120 (base 4) to base 12.
19826a0
-12234341 (base 5) to base 16
-1cd50
What is -11130 (base 16) in base 8?
-210460
What is -110241340 (base 5) in base 16?
-74a18
-42252713 (base 8) to base 14
-12a4055
201003233 (base 4) to base 11
92808
What is 110313012 (base 5) in base 6?
14134112
What is 1229dc2 (base 15) in base 2?
110001110000100110001011
4818835 (base 9) to base 13
70570a
What is aea68 (base 16) in base 9?
1310263
-15347 (base 13) to base 8
-116260
What is -30123321330 (base 4) in base 15?
-445e03
-240144014 (base 5) to base 15
-16ad59
Convert -5695503 (base 10) to base 11.
-3240130
Convert 100320340 (base 5) to base 4.
1201333001
What is -1110243421 (base 5) in base 8?
-11214207
What is 23102223 (base 4) in base 2?
1011010010101011
-15513521 (base 6) to base 2
-10000111010011111001
101111111010110001001 (base 2) to base 8
5772611
What is 383296 (base 12) in base 15?
131ed0
850767 (base 10) to base 5
204211032
Convert 64086 (base 10) to base 16.
fa56
Convert 52116 (base 12) to base 6.
2144430
12642500 (base 7) to base 9
2173212
What is -5096a0 (base 12) in base 7?
-13500333
d6a10 (base 15) to base 11
425414
What is 89269 (base 12) in base 4?
230120301
131221031 (base 4) to base 15
25e9b
Convert -210221110 (base 4) to base 6.
-3114524
Convert 24929 (base 11) to base 10.
35726
-ff39e (base 16) to base 14
-1d2d9c
25400234 (base 7) to base 4
20302023122
What is -7677dc (base 14) in base 3?
-21120000222011
Convert -111122221112 (base 3) to base 15.
-54a5b
-87002 (base 13) to base 8
-734235
What is -2047a1 (base 13) in base 16?
-b7c30
What is -10111100110100010110 (base 2) in base 14?
-161bca
What is -2a821 (base 11) in base 16?
-aa3f
Convert 1214440 (base 6) to base 12.
31420
-564067 (base 12) to base 2
-101001111110101001111
818b76 (base 15) to base 9
12521323
-17a843 (base 14) to base 6
-25525243
Convert 406333 (base 10) to base 7.
3311434
What is -8978c (base 14) in base 2?
-1010001011011010000
32467 (base 13) to base 12
4469a
What is -20001333113 (base 4) in base 11?
-1208822
What is 23344321 (base 6) in base 16?
b20f9
545013001 (base 6) to base 8
45150731
What is 80ce (base 16) in base 5?
2023344
-20305033 (base 6) to base 8
-2165155
Convert 33735445 (base 8) to base 11.
4151482
Convert -1314283 (base 9) to base 13.
-1c1c40
227a5 (base 15) to base 14
2bdbc
61100140 (base 7) to base 5
2244411131
Convert 194762 (base 15) to base 11.
770274
Convert 1547653 (base 8) to base 12.
1963a3
-101203001 (base 4) to base 3
-10122120222
Convert b6298 (base 13) to base 10.
327816
Convert -123232230 (base 5) to base 11.
-381486
-90b39 (base 14) to base 3
-122200022002
What is 204489 (base 10) in base 11?
12a6aa
What is 2024454 (base 6) in base 14?
2748a
What is 277067 (base 11) in base 6?
13145055
-aa650 (base 11) to base 2
-100111001011110101
47516 (base 8) to base 3
1000211221
What is -141204410 (base 7) in base 11?
-5221a74
What is 4c2c (base 16) in base 7?
110565
Convert 43a429 (base 11) to base 5.
134430302
Convert -102133312232 (base 4) to base 3.
-100010100200012
What is -102223102310 (base 4) in base 12?
-1781358
Convert -131350 (base 9) to base 3.
-11001101200
What is -10404114 (base 8) in base 10?
-2230348
What is -7476444 (base 9) in base 15?
-54239d
What is 10111220011 (base 3) in base 4?
100320322
What is -211045 (base 14) in base 4?
-10100223011
What is 247411 (base 8) in base 5?
10221034
What is 7602561 (base 8) in base 16?
1f0571
What is 233504554 (base 6) in base 9?
8213727
Convert -aa87 (base 11) to base 5.
-431430
What is -12000101012000 (base 3) in base 5?
-1140232010
6713772 (base 8) to base 7
21241145
5212543 (base 6) to base 14
6755d
What is 15603a (base 15) in base 9?
1843661
What is -10332302132 (base 4) in base 8?
-4766236
131132003 (base 4) to base 6
2330455
Convert 572998 (base 10) to base 11.
361558
-10221111212000 (base 3) to base 12
-851300
-35053412 (base 6) to base 13
-2ba993
32e25 (base 15) to base 9
265858
-2407055 (base 10) to base 7
-26313440
Convert 101000111101010010 (base 2) to base 3.
22112010102
Convert 1767604 (base 8) to base 13.
152943
What is 11333231031 (base 4) in base 5?
400243121
Convert -3799b0 (base 16) to base 6.
-210033320
-1201221210221 (base 3) to base 11
-581434
What is 322797 (base 12) in base 11?
4a14a8
What is -10110011000100011110000 (base 2) in base 11?
-3348598
7542021 (base 8) to base 6
111114333
-628347 (base 14) to base 8
-14540653
Convert -6020d2 (base 15) to base 11.
-2637441
What is -5e6823 (base 16) in base 2?
-10111100110100000100011
Convert -46e54 (base 15) to base 8.
-671273
53101323 (base 7) to base 16
447b28
-14644466 (base 7) to base 8
-5272371
What is -1031223013 (base 4) in base 3?
-121011102101
What is -59899 (base 11) in base 15?
-1a85a
-88021 (base 14) to base 2
-1010000011001011101
What is -1503136 (base 9) in base 3?
-1120010011020
Convert -12621240 (base 7) to base 13.
-31a32b
What is -13033012 (base 4) in base 12?
-1519a
-135164 (base 7) to base 11
-18443
-2266633 (base 7) to base 10
-285694
What is d2979 (base 16) in base 6?
30253241
What is -10411120240 (base 5) in base 15?
-100a89a
499878 (base 11) to base 14
167777
-141830 (base 9) to base 4
-111022221
What is -46b7d (base 15) in base 13?
-7b751
What is 2100212210200 (base 3) in base 7?
13454556
Convert 22220002111 (base 3) to base 9.
286074
43401145 (base 6) to base 11
802025
Convert -1d7a19 (base 14) to base 7.
-11665532
What is -361799 (base 11) in base 5?
-121321120
Convert 1003125533 (base 6) to base 4.
213001121001
Convert 1823b0 (base 13) to base 3.
1010201122221
Convert 6100051 (base 7) to base 6.
23254001
232543 (base 10) to base 14
60a63
Convert -401698 (base 11) to base 8.
-2356340
Convert 20001221112 (base 3) to base 15.
2562b
What is -2020221122001 